/((-9)/((-2835)/10))?
2
Let d(m) = 9519*m**2 - 5*m + 2. Let g be d(1). Suppose 7*l = 2111 + g. What is the tens digit of l?
6
Let g be (-208)/((12/15)/(-2)). What is the hundreds digit of -3 + (g - (-4 + 2))?
5
What is the units digit of 0 - ((-274455)/54 + (-1)/2*1)?
3
Suppose -1981*w = -1971*w - 19970. What is the hundreds digit of w?
9
Suppose 0 = -84*o + 80*o - 172. Let n = o + 152. What is the units digit of n?
9
Let f = 2181 - 2171. Let g(j) be the first derivative of j**3 - 14*j**2 + 3*j + 1. What is the tens digit of g(f)?
2
What is the hundreds digit of 3481876/52 + 9*26/(-1521)?
9
Let t(p) = -535*p + 19. What is the units digit of t(-11)?
4
Suppose -25*f - 2478 - 372 = 0. Let w = f - -251. What is the hundreds digit of w?
1
Let k be -555*(24/9 - 3). Let a = 17 + k. What is the tens digit of -3*a*(-5)/30?
0
Let j(n) = 33*n + 19. Let h be j(4). Suppose u = 3*o + h, -94 = 2*o - 2*u - 0. Let m = o + 198. What is the units digit of m?
6
Suppose 79*n = 25*n + 209628. What is the hundreds digit of n?
8
What is the hundreds digit of -1830*-305*18/225?
6
Suppose 4*v - 3*r = 44730, 3*r = 210*v - 205*v - 55911. What is the units digit of v?
1
Let u = -1506 + 5494. What is the tens digit of u?
8
Let u(v) = v**3 - 39*v**2 + 37*v + 52. Let x be u(38). Let b(r) = r**2 + 5*r - 7. Let i be b(-7). What is the hundreds digit of 1752/i - (-4 - (-60)/x)?
2
Let u(i) = 12*i - 331. Let x be u(28). Suppose -x*o + 1834 = 9*o. What is the tens digit of o?
3
Let z be -1*(-3 + 1)*(1 + -173). Let o = z + 811. What is the units digit of o?
7
Let y(u) = 2*u**2 + 20*u + 636. What is the ten thousands digit of y(-80)?
1
Let o(t) = 450*t**2 + 18*t - 14. What is the hundreds digit of o(-4)?
1
Let j(x) = x**3 - 25*x**2 + 31*x + 76. Let l(b) = 3*b**3 - 74*b**2 + 91*b + 227. Let k(f) = 11*j(f) - 4*l(f). What is the tens digit of k(19)?
1
Let b(h) = 4*h**2 + 3891*h + 114 - 5*h**2 - 3853*h. What is the units digit of b(23)?
9
Suppose 7*x = -17*x + 960. What is the tens digit of ((-108750)/1000)/(1 + (-46)/x)?
2
Let l(n) = -n**3 - 17*n**2 - 21*n + 9. Let p be l(-17). Suppose p = 5*y - 1169. What is the tens digit of y?
0
Suppose -5*j = 10*j - 4*j. Suppose 89*i - 93*i + 2080 = j. What is the hundreds digit of i?
5
Suppose n = -3*n + 252. Let f be (-234)/(-52)*228/(-54). Let r = n + f. What is the units digit of r?
4
Suppose 7*q - 7 = -0*q. What is the tens digit of 36 + (4 + -8 - q)?
3
Let d = 9436 + -3748. What is the thousands digit of d?
5
Let m(d) = 11*d + 23. Let v(w) be the first derivative of 5*w**2 + 22*w + 47. Let h(y) = 4*m(y) - 3*v(y). What is the tens digit of h(9)?
5
Suppose 3*n + 2 = 8, -w + 3*n = -1. Suppose -w = g - 252. What is the tens digit of g?
4
Let h = -7761 - -13837. Suppose 99*s - h = 92*s. What is the tens digit of s?
6
Let y(q) = 7*q**2 + 12*q - 8. Suppose -4 = -j - 3*i - 0, -j + 2*i - 21 = 0. What is the tens digit of y(j)?
0
Suppose 0 = -225*j + 17*j + 13181376. What is the ten thousands digit of j?
6
Let q(r) = 631 - 365 - 315 - 30*r. What is the units digit of q(-5)?
1
Suppose -163*j + 142*j = -660345. What is the thousands digit of j?
1
Let h = 7085 + 20323. What is the ten thousands digit of h?
2
Suppose -120*f + 284*f - 6852904 = 0. What is the ten thousands digit of f?
4
Suppose 10*l + p + 20594 = 13*l, -4*l - p + 27447 = 0. What is the thousands digit of l?
6
Let o be -723 - -3*((-6)/9 + 0). Let q = -483 - o. Let l = -135 + q. What is the tens digit of l?
0
Suppose -3*r = -9*j + 4*j + 20, -2*j = -8. Suppose 2*b - 3*a = 2*a + 718, r = -4*b - 2*a + 1484. What is the units digit of b?
9
Let f be (38/10 + 1)/((-7)/(-35)). What is the hundreds digit of (2 - (-2886)/(-9))/(f/(-36))?
4
Suppose 21*m = 1289 + 4024. Let k = m - 28. What is the hundreds digit of k?
2
Suppose 5*b + 6*b = -33. What is the units digit of ((-33)/(-44))/(b/(-424))?
6
Let p(c) be the first derivative of 47/2*c**2 + 25*c + 1/4*c**4 + 18 + 22/3*c**3. What is the units digit of p(-19)?
5
Suppose y - 7653 = -8*h + 7*h, -5*h + 2*y + 38279 = 0. What is the units digit of h?
5
Let s(g) = 495*g - 476. What is the tens digit of s(25)?
9
Let o be (-22 - -20)/((-2)/3). Let w(g) = -404*g + 1. Let c be w(-2). Suppose o*m + m = 4*t + 844, 0 = -4*m - 3*t + c. What is the hundreds digit of m?
2
Let b(s) = s + 15. Let w be b(-13). Suppose -5*h + w*v = -915, -3*v - 20 = v. Let u = h + -104. What is the tens digit of u?
7
Suppose -912*y - 87720 = -924*y. What is the thousands digit of y?
7
Let f(z) = 3*z**3 + 2*z**2 + 10*z - 5. Let t be 2/(-9) - (-799)/153. What is the units digit of f(t)?
0
Suppose -146*p + 6107463 = -585615. What is the tens digit of p?
4
Suppose 0 = 7*t - 6*t - 3. Suppose 0 = w - 3*c - 5, 3*w + t*c + 2*c = 57. What is the tens digit of w/(-70) + 321/5?
6
Let q = 43 + -41. Suppose -q*x + 44 = -108. Suppose -9*b + 8*b + x = 0. What is the units digit of b?
6
Let x(r) = -4*r + 129. Let v be x(30). Suppose w - 2*w = -4*j + 248, -5*j - 4*w + 289 = 0. Suppose -g + j = -v. What is the units digit of g?
0
Let l(b) = -b - 4. Let p be l(-6). Let f(u) = 5*u - 37. Let j be f(8). Suppose j*x = 3*d - 372, -p*d - 2*x + 233 = -31. What is the units digit of d?
8
Suppose 9*n - 31*n + 1862446 = 81*n. What is the thousands digit of n?
8
Let v(s) = 187*s + 69. Let p(k) = 94*k + 35. Let w(m) = -11*p(m) + 6*v(m). What is the units digit of w(4)?
1
Suppose 12*b - 11855 = 65149. What is the thousands digit of b?
6
Suppose 5*p + 4*y - 70 = -y, p + 5*y = 22. Suppose p*b = 4*b + 384. What is the units digit of b?
8
Let l(y) = -y**3 - 29*y**2 + 34*y - 67. Let z be l(-30). Let q = -142 - z. What is the units digit of q?
5
Suppose 0 = -l + 2*a + 37284 - 11965, -75962 = -3*l + a. What is the thousands digit of l?
5
Suppose 4*v + u + 97 = -2*u, -4*u + 20 = 0. Let n be 2*(-2 + 11/4)*v. Let c = 47 + n. What is the units digit of c?
5
Suppose 57*r - 41634 = 75*r - 235170. What is the units digit of r?
2
Suppose 0 = -4*m - m - l + 14, l = 4*m - 13. Suppose -m*h - 5*z + 43 = 0, -40 = h - 5*h + 2*z. Suppose 0 = -h*n - 7*n + 1386. What is the tens digit of n?
7
Let j be 12 - (0 + 4/((-16)/(-12))). Suppose 7*t = q + j*t - 318, 15 = -5*t. What is the units digit of q?
4
Suppose 4*y + 44640 = 2*r, -39592 = -2*r - 4*y + 5000. What is the thousands digit of r?
2
Let o be 2 - ((-18)/6 - -3). Let z be -4*3/12*-6. Suppose -18 = -y + j, o*y + z - 39 = 5*j. What is the units digit of y?
9
Let g = 70 + -85. Let h(s) = s**2 + 18*s + 31. Let v be h(g). What is the units digit of v/35*(-2 + -183)?
4
Suppose 125*k + 15*k = -8*k + 26640. What is the tens digit of k?
8
Let b(v) = -146*v - 1871. What is the thousands digit of b(-54)?
6
Let l = 35 - 38. Let v be 353/(l - -2 - 0). Let o = -192 - v. What is the hundreds digit of o?
1
Let w be (-14 - 1)*(-4)/12. Suppose -w*l = -4*l - 76. Suppose 4*s + 2 - 110 = 2*b, 3*s = 4*b + l. What is the units digit of s?
8
Suppose -2*x - 4*y = -394, -x + 8*y + 206 = 7*y. Let b = x + 592. What is the units digit of b?
5
Suppose 52687 + 48950 = 16*q + 30533. What is the tens digit of q?
4
Let p be (-6)/4*(3 + (-51)/9). Suppose -635 = -p*j + 5*b, 605 = 4*j + 8*b - 3*b. Suppose -2*d + 2*q - q = -j, -5*d - 2*q = -365. What is the units digit of d?
5
Suppose -1233145 = 93*k - 530*k + 234301. What is the thousands digit of k?
3
Let f be (-4)/(-3)*(-1 - 302)*1. What is the tens digit of (18/12 + -2)*f?
0
Suppose 0 = -4*h - f + 45909, 235*h - 4*f = 236*h - 11451. What is the hundreds digit of h?
4
Let v = 83266 + -47393. What is the ten thousands digit of v?
3
Let r be (-6)/(-27) + 13240/36. Suppose -6*y + r = -5*y. What is the tens digit of y?
6
Suppose -12*c + 8*c + 16 = 0. Suppose 0 = -9*a + c*a + 4825. What is the units digit of a?
5
Suppose 0 = 13*c - 642 - 164. Suppose -l + c = -2*x + 849, 2*l = 5*x - 1970. What is the units digit of x?
6
Let a = 5 + 2. What is the tens digit of 1096/(-12)*(-7)/(a/6)?
4
Let w be ((-72)/9 - -3)/(-1). Suppose -2*a + w*d + 1593 = 6*d, -2372 = -3*a + 2*d. What is the hundreds digit of a?
7
What is the units digit of ((-372)/(-620))/(3/485)?
7
Let m(g) = g**2 + 15*g - 72. Let v be m(24). Suppose -34 = -4*s - 2*o, 5*o + 6 = -0*s + 3*s. Suppose s*p = -p + v. What is the hundreds digit of p?
1
Let z be ((-35)/(-10) + -1)*6. Let p(d) = 0*d - 26 + 3*d - 7*d + 11*d. Wh